{"id":3,"date":"2023-10-17T06:59:44","date_gmt":"2023-10-17T06:59:44","guid":{"rendered":"https:\/\/esteticamentemonica.it\/?page_id=3"},"modified":"2023-10-21T14:44:52","modified_gmt":"2023-10-21T14:44:52","slug":"privacy-policy","status":"publish","type":"page","link":"https:\/\/esteticamentemonica.it\/index.php\/privacy-policy\/","title":{"rendered":"Privacy Policy"},"content":{"rendered":"\n<p>Esteticamente Monica di Monica Giusti sita in Via Buggianese, 23, 51019 Ponte Buggianese PT, Part. Iva e C.F: 02236420465 (in seguito, \u201cTitolare\u201d), nella persona del legale rappresentante, in qualit\u00e0 di titolare del trattamento, La informa ai sensi dell\u2019art. 13 DLgs 30\/6\/2003 n. 196 (in seguito, \u201cCodice Privacy\u201d) e dell\u2019articolo 13 Regolamento UE n. 2016\/679 (in seguito, \u201cGDPR\u201d) che i dati dell\u2019Utente saranno trattati con le modalit\u00e0 e per le finalit\u00e0 seguenti:<\/p>\n\n\n\n<p><strong>Tipologie di Dati Raccolti<br><\/strong>I dati raccolti sono: Dati anagrafici, dati identificativi, dati finanziari.<\/p>\n\n\n\n<p><strong>Oggetto del Trattamento<br><\/strong>Il Titolare tratta i dati personali identificativi (ad esempio, nome, cognome, ragione sociale, indirizzo, telefono, e-mail, riferimenti bancari e di pagamento) \u2013 (in seguito, \u201cdati personali\u201d o anche \u201cdati\u201d) comunicati dall\u2019Utente in occasione dei servizi resi dal Titolare (interazione con il sito www.esteticamentemonica.it, lavori, richieste informazioni online).<\/p>\n\n\n\n<p><strong>Finalit\u00e0 e natura del trattamento<br><\/strong>I dati personali dell\u2019Utente sono trattati:<\/p>\n\n\n\n<p>A) senza il suo consenso espresso (art. 24 lett. a), b), c) Codice Privacy e art. 6 lett. b), e) GDPR), per le seguenti finalit\u00e0 di servizio:<br>\u2013 adempiere agli obblighi previsti dalla legge, da un regolamento, dalla normativa comunitaria o da un ordine dell\u2019Autorit\u00e0 (come ad esempio in materia di antiriciclaggio e diffamazione);<\/p>\n\n\n\n<p>\u2013 esercitare i diritti del Titolare, ad esempio il diritto di difesa in giudizio;<\/p>\n\n\n\n<p>\u2013 conduzione di indagini per la prevenzione, individuazione e denuncia di condotte illecite ai danni degli utenti e consumatori.<\/p>\n\n\n\n<p>B) Solo previo suo specifico e distinto consenso (artt. 23 e 130 Codice Privacy e art. 7 GDPR), per le seguenti finalit\u00e0:<br>\u2013 registrazione come nuovo iscritto di news letter e\/o utente del blog o simili e gestione di tutto il rapporto con l\u2019interessato, nonch\u00e9 offerta e fornitura all\u2019interessato di servizi di consulenza e assistenza ai quali ha accesso in quanto iscritto e\/o utente;<\/p>\n\n\n\n<p>\u2013 inviare via e-mail, posta, sms e\/o contatti telefonici, newsletter, comunicati stampa, risposte alle richieste di consulenza, e comunicazioni relative all\u2019attivit\u00e0 dell\u2019azienda e ai suoi eventi anche in partnership con altre realt\u00e0;<\/p>\n\n\n\n<p>\u2013 pubblicare sul sito del Titolare (www.esteticamentemonica.it) commenti ricevuti tramite i canali social e web di Esteticamente Monica.<\/p>\n\n\n\n<p>\u2013 finalizzare ordini e spedizioni<\/p>\n\n\n\n<p><strong>Modalit\u00e0 di trattamento<br><\/strong>Il trattamento dei dati personali del contraente \u00e8 realizzato per mezzo delle operazioni indicate all\u2019art. 4 Codice Privacy e all\u2019art. 4 n. 2) GDPR e precisamente: raccolta, registrazione, organizzazione, conservazione, consultazione, elaborazione, modificazione, selezione, estrazione, raffronto, utilizzo, interconnessione, blocco, comunicazione, cancellazione e distruzione dei dati. I dati personali sono sottoposti a trattamento sia cartaceo che elettronico e\/o automatizzato.<\/p>\n\n\n\n<p>Il Titolare tratter\u00e0 i dati personali per il tempo necessario per adempiere alle finalit\u00e0 di cui sopra e comunque non oltre la richiesta di revoca del consenso da parte dell\u2019Utente.<\/p>\n\n\n\n<p><strong>Accesso ai dati<br><\/strong>I Suoi dati potranno essere resi accessibili per le finalit\u00e0 di cui all\u2019art. 2.A) e 2.B) a dipendenti e collaboratori del Titolare, nella loro qualit\u00e0 di incaricati e\/o responsabili interni del trattamento e\/o amministratori di sistema.<\/p>\n\n\n\n<p>Inoltre<\/p>\n\n\n\n<p><strong>Comunicazione dei dati<br><\/strong>Senza la necessit\u00e0 di un espresso consenso (ex art. 24 lett. a), b), d) Codice Privacy e art. 6 lett. b) e c) GDPR), il Titolare potr\u00e0 comunicare i dati dell\u2019Utente per le finalit\u00e0 di cui all\u2019art. 2.A) alle Autorit\u00e0 giudiziarie e amministrative, a Organi di Giustizia, Unit\u00e0 d\u2019Informazione Finanziaria in adempienza alle norme antiriciclaggio, Autorit\u00e0 Pubbliche, Periti, Tecnici, Consulenti, Responsabili esterni del Trattamento, addetti interni o aziende esterne di spedizione.<\/p>\n\n\n\n<p><strong>Trasferimento e diffusione dei dati<br><\/strong>I dati personali sono conservati su server ubicato in Italia, all\u2019interno dell\u2019Unione Europea.<\/p>\n\n\n\n<p>I dati raccolti potrebbero essere trasferiti a Paesi Terzi al di fuori dell\u2019Unione Europea, ad esempio a: colleghi e\/o collaboratori, periti, tecnici, consulenti, unicamente quando ci\u00f2 sar\u00e0 necessario al fine di ultimare un ordine, dare una consulenza ad un potenziale cliente o effetturae una spedizione.<\/p>\n\n\n\n<p>I dati personali non saranno oggetto di diffusione.<\/p>\n\n\n\n<p>Natura del conferimento dei dati e conseguenze del rifiuto di rispondere<br>Il conferimento dei dati per le finalit\u00e0 di cui all\u2019art. 2.A) \u00e8 obbligatorio. In loro assenza, il Titolare non potr\u00e0 garantire all\u2019Utente i Servizi dell\u2019art. 2.<\/p>\n\n\n\n<p>Il conferimento dei dati per le finalit\u00e0 di cui all\u2019art. 2.B) \u00e8 invece facoltativo. L\u2019Utente pu\u00f2 quindi decidere di non conferire alcun dato o di negare successivamente la possibilit\u00e0 di trattare dati gi\u00e0 forniti: in tal caso, non potr\u00e0 ricevere newsletter, comunicazioni inerenti ai Servizi offerti dal Titolare, n\u00e9 la risposta ai suoi quesiti.<\/p>\n\n\n\n<p><strong>Diritti dell\u2019interessato\/utente<br><\/strong>Nella sua qualit\u00e0 di interessato, ha i diritti di cui all\u2019art. 7 Codice Privacy e art. 15 GDPR e precisamente i diritti di:<\/p>\n\n\n\n<p>ottenere la conferma dell\u2019esistenza o meno di dati personali che lo riguardano, anche se non ancora registrati, e la loro comunicazione in forma intelligibile;<br>ottenere l\u2019indicazione: a) dell\u2019origine dei dati personali; b) delle finalit\u00e0 e modalit\u00e0 del trattamento; c) della logica applicata in caso di trattamento effettuato con l\u2019ausilio di strumenti elettronici; d) degli estremi identificativi del titolare, dei responsabili e del rappresentante designato ai sensi dell\u2019art. 5, comma 2 Codice Privacy possono essere comunicati o che possono venirne a conoscenza in qualit\u00e0 di rappresentante designato nel territorio dello Stato, di responsabili o incaricati;<br>ottenere mediante un richiesta alla mail aziendale: a) l\u2019aggiornamento, la rettificazione ovvero, quando vi ha interesse, l\u2019integrazione dei dati; b) la cancellazione, la trasformazione in forma anonima o il blocco dei dati trattati in violazione di legge, compresi quelli di cui non \u00e8 necessaria la conservazione in relazione agli scopi per i quali i dati sono stati raccolti o successivamente trattati; c) l\u2019attestazione che le operazioni di cui alle lettere a) e b) sono state portate a conoscenza, anche per quanto riguarda il loro contenuto, di coloro ai quali i dati sono stati comunicati o diffusi, eccettuato il caso in cui tale adempimento si rivela impossibile o comporta un impiego di mezzi manifestamente sproporzionato rispetto al diritto tutelato;<br>opporsi, in tutto o in parte: a) per motivi legittimi al trattamento dei dati personali che lo riguardano, ancorch\u00e9 pertinenti allo scopo della raccolta; b) al trattamento di dati personali che lo riguardano a fini di invio di materiale pubblicitario o di vendita diretta o per il compimento di ricerche di mercato o di comunicazione commerciale, mediante l\u2019uso di sistemi automatizzati di chiamata senza l\u2019intervento di un operatore mediante e-mail e\/o mediante modalit\u00e0 di marketing tradizionali mediante telefono e\/o posta cartacea. Si fa presente che il diritto di opposizione dell\u2019interessato, esposto al precedente punto b), per finalit\u00e0 di marketing diretto mediante modalit\u00e0 automatizzate si estende a quelle tradizionali e che comunque resta salva la possibilit\u00e0 per l\u2019interessato di esercitare il diritto di opposizione anche solo in parte. Pertanto, l\u2019interessato pu\u00f2 decidere di ricevere solo comunicazioni mediante modalit\u00e0 tradizionali ovvero solo comunicazioni automatizzate oppure nessuna delle due tipologie di comunicazione.<br>Ove applicabili, ha altres\u00ec i diritti di cui agli artt. 16-21 GDPR (Diritto di rettifica, diritto all\u2019oblio, diritto di limitazione di trattamento, diritto alla portabilit\u00e0 dei dati, diritto di opposizione), nonch\u00e9 il diritto di reclamo all\u2019Autorit\u00e0 Garante.<\/p>\n\n\n\n<p><strong>Modalit\u00e0 di esercizio dei diritti<br><\/strong>L\u2019Utente potr\u00e0 in qualsiasi momento esercitare i diritti inviando:<\/p>\n\n\n\n<p>\u2013 una raccomandata a.r. a Esteticamente Monica sita in Via Buggianese, 23, 51019 Ponte Buggianese PT;<\/p>\n\n\n\n<p><strong>Periodo di conservazione dei dati<br><\/strong>I dati saranno conservati per 12 mesi dopo la richiesta effettuata per ragioni inerenti il buon servizio nei confronti del cliente. Fatture, ricevute e documenti lavorativi saraano conservati tutto il tempo necessario previsto per adempiere agli obblighi di legge della normativa fiscale e contabile.<\/p>\n\n\n\n<p><strong>Titolare, responsabile e incaricati<br><\/strong>Il Titolare del trattamento \u00e8 Monica Giusti titolare dell\u2019azienda.<\/p>\n","protected":false},"excerpt":{"rendered":"<p>Esteticamente Monica di Monica Giusti sita in Via Buggianese, 23, 51019 Ponte Buggianese PT, Part. Iva e C.F: 02236420465 (in seguito, \u201cTitolare\u201d), nella persona del legale rappresentante, in qualit\u00e0 di titolare del trattamento, La informa ai sensi dell\u2019art. 13 DLgs 30\/6\/2003 n. 196 (in seguito, \u201cCodice Privacy\u201d) e dell\u2019articolo 13 Regolamento UE n. 2016\/679 (in [&hellip;]<\/p>\n","protected":false},"author":1,"featured_media":0,"parent":0,"menu_order":0,"comment_status":"closed","ping_status":"open","template":"","meta":{"_et_pb_use_builder":"","_et_pb_old_content":"","_et_gb_content_width":"1080","_themeisle_gutenberg_block_has_review":false,"footnotes":""},"class_list":["post-3","page","type-page","status-publish","hentry"],"_links":{"self":[{"href":"https:\/\/esteticamentemonica.it\/index.php\/wp-json\/wp\/v2\/pages\/3","targetHints":{"allow":["GET"]}}],"collection":[{"href":"https:\/\/esteticamentemonica.it\/index.php\/wp-json\/wp\/v2\/pages"}],"about":[{"href":"https:\/\/esteticamentemonica.it\/index.php\/wp-json\/wp\/v2\/types\/page"}],"author":[{"embeddable":true,"href":"https:\/\/esteticamentemonica.it\/index.php\/wp-json\/wp\/v2\/users\/1"}],"replies":[{"embeddable":true,"href":"https:\/\/esteticamentemonica.it\/index.php\/wp-json\/wp\/v2\/comments?post=3"}],"version-history":[{"count":1,"href":"https:\/\/esteticamentemonica.it\/index.php\/wp-json\/wp\/v2\/pages\/3\/revisions"}],"predecessor-version":[{"id":119,"href":"https:\/\/esteticamentemonica.it\/index.php\/wp-json\/wp\/v2\/pages\/3\/revisions\/119"}],"wp:attachment":[{"href":"https:\/\/esteticamentemonica.it\/index.php\/wp-json\/wp\/v2\/media?parent=3"}],"curies":[{"name":"wp","href":"https:\/\/api.w.org\/{rel}","templated":true}]}}

<p>Esteticamente Monica di Monica Giusti sita in Via Buggianese, 23, 51019 Ponte Buggianese PT, Part. Iva e C.F: 02236420465 (in seguito, “Titolare”), nella persona del legale rappresentante, in qualità di titolare del trattamento, La informa ai sensi dell’art. 13 DLgs 30/6/2003 n. 196 (in seguito, “Codice Privacy”) e dell’articolo 13 Regolamento UE n. 2016/679 (in seguito, “GDPR”) che i dati dell’Utente saranno trattati con le modalità e per le finalità seguenti:</p>



<p><strong>Tipologie di Dati Raccolti<br></strong>I dati raccolti sono: Dati anagrafici, dati identificativi, dati finanziari.</p>



<p><strong>Oggetto del Trattamento<br></strong>Il Titolare tratta i dati personali identificativi (ad esempio, nome, cognome, ragione sociale, indirizzo, telefono, e-mail, riferimenti bancari e di pagamento) – (in seguito, “dati personali” o anche “dati”) comunicati dall’Utente in occasione dei servizi resi dal Titolare (interazione con il sito www.esteticamentemonica.it, lavori, richieste informazioni online).</p>



<p><strong>Finalità e natura del trattamento<br></strong>I dati personali dell’Utente sono trattati:</p>



<p>A) senza il suo consenso espresso (art. 24 lett. a), b), c) Codice Privacy e art. 6 lett. b), e) GDPR), per le seguenti finalità di servizio:<br>– adempiere agli obblighi previsti dalla legge, da un regolamento, dalla normativa comunitaria o da un ordine dell’Autorità (come ad esempio in materia di antiriciclaggio e diffamazione);</p>



<p>– esercitare i diritti del Titolare, ad esempio il diritto di difesa in giudizio;</p>



<p>– conduzione di indagini per la prevenzione, individuazione e denuncia di condotte illecite ai danni degli utenti e consumatori.</p>



<p>B) Solo previo suo specifico e distinto consenso (artt. 23 e 130 Codice Privacy e art. 7 GDPR), per le seguenti finalità:<br>– registrazione come nuovo iscritto di news letter e/o utente del blog o simili e gestione di tutto il rapporto con l’interessato, nonché offerta e fornitura all’interessato di servizi di consulenza e assistenza ai quali ha accesso in quanto iscritto e/o utente;</p>



<p>– inviare via e-mail, posta, sms e/o contatti telefonici, newsletter, comunicati stampa, risposte alle richieste di consulenza, e comunicazioni relative all’attività dell’azienda e ai suoi eventi anche in partnership con altre realtà;</p>



<p>– pubblicare sul sito del Titolare (www.esteticamentemonica.it) commenti ricevuti tramite i canali social e web di Esteticamente Monica.</p>



<p>– finalizzare ordini e spedizioni</p>



<p><strong>Modalità di trattamento<br></strong>Il trattamento dei dati personali del contraente è realizzato per mezzo delle operazioni indicate all’art. 4 Codice Privacy e all’art. 4 n. 2) GDPR e precisamente: raccolta, registrazione, organizzazione, conservazione, consultazione, elaborazione, modificazione, selezione, estrazione, raffronto, utilizzo, interconnessione, blocco, comunicazione, cancellazione e distruzione dei dati. I dati personali sono sottoposti a trattamento sia cartaceo che elettronico e/o automatizzato.</p>



<p>Il Titolare tratterà i dati personali per il tempo necessario per adempiere alle finalità di cui sopra e comunque non oltre la richiesta di revoca del consenso da parte dell’Utente.</p>



<p><strong>Accesso ai dati<br></strong>I Suoi dati potranno essere resi accessibili per le finalità di cui all’art. 2.A) e 2.B) a dipendenti e collaboratori del Titolare, nella loro qualità di incaricati e/o responsabili interni del trattamento e/o amministratori di sistema.</p>



<p>Inoltre</p>



<p><strong>Comunicazione dei dati<br></strong>Senza la necessità di un espresso consenso (ex art. 24 lett. a), b), d) Codice Privacy e art. 6 lett. b) e c) GDPR), il Titolare potrà comunicare i dati dell’Utente per le finalità di cui all’art. 2.A) alle Autorità giudiziarie e amministrative, a Organi di Giustizia, Unità d’Informazione Finanziaria in adempienza alle norme antiriciclaggio, Autorità Pubbliche, Periti, Tecnici, Consulenti, Responsabili esterni del Trattamento, addetti interni o aziende esterne di spedizione.</p>



<p><strong>Trasferimento e diffusione dei dati<br></strong>I dati personali sono conservati su server ubicato in Italia, all’interno dell’Unione Europea.</p>



<p>I dati raccolti potrebbero essere trasferiti a Paesi Terzi al di fuori dell’Unione Europea, ad esempio a: colleghi e/o collaboratori, periti, tecnici, consulenti, unicamente quando ciò sarà necessario al fine di ultimare un ordine, dare una consulenza ad un potenziale cliente o effetturae una spedizione.</p>



<p>I dati personali non saranno oggetto di diffusione.</p>



<p>Natura del conferimento dei dati e conseguenze del rifiuto di rispondere<br>Il conferimento dei dati per le finalità di cui all’art. 2.A) è obbligatorio. In loro assenza, il Titolare non potrà garantire all’Utente i Servizi dell’art. 2.</p>



<p>Il conferimento dei dati per le finalità di cui all’art. 2.B) è invece facoltativo. L’Utente può quindi decidere di non conferire alcun dato o di negare successivamente la possibilità di trattare dati già forniti: in tal caso, non potrà ricevere newsletter, comunicazioni inerenti ai Servizi offerti dal Titolare, né la risposta ai suoi quesiti.</p>



<p><strong>Diritti dell’interessato/utente<br></strong>Nella sua qualità di interessato, ha i diritti di cui all’art. 7 Codice Privacy e art. 15 GDPR e precisamente i diritti di:</p>



<p>ottenere la conferma dell’esistenza o meno di dati personali che lo riguardano, anche se non ancora registrati, e la loro comunicazione in forma intelligibile;<br>ottenere l’indicazione: a) dell’origine dei dati personali; b) delle finalità e modalità del trattamento; c) della logica applicata in caso di trattamento effettuato con l’ausilio di strumenti elettronici; d) degli estremi identificativi del titolare, dei responsabili e del rappresentante designato ai sensi dell’art. 5, comma 2 Codice Privacy possono essere comunicati o che possono venirne a conoscenza in qualità di rappresentante designato nel territorio dello Stato, di responsabili o incaricati;<br>ottenere mediante un richiesta alla mail aziendale: a) l’aggiornamento, la rettificazione ovvero, quando vi ha interesse, l’integrazione dei dati; b) la cancellazione, la trasformazione in forma anonima o il blocco dei dati trattati in violazione di legge, compresi quelli di cui non è necessaria la conservazione in relazione agli scopi per i quali i dati sono stati raccolti o successivamente trattati; c) l’attestazione che le operazioni di cui alle lettere a) e b) sono state portate a conoscenza, anche per quanto riguarda il loro contenuto, di coloro ai quali i dati sono stati comunicati o diffusi, eccettuato il caso in cui tale adempimento si rivela impossibile o comporta un impiego di mezzi manifestamente sproporzionato rispetto al diritto tutelato;<br>opporsi, in tutto o in parte: a) per motivi legittimi al trattamento dei dati personali che lo riguardano, ancorché pertinenti allo scopo della raccolta; b) al trattamento di dati personali che lo riguardano a fini di invio di materiale pubblicitario o di vendita diretta o per il compimento di ricerche di mercato o di comunicazione commerciale, mediante l’uso di sistemi automatizzati di chiamata senza l’intervento di un operatore mediante e-mail e/o mediante modalità di marketing tradizionali mediante telefono e/o posta cartacea. Si fa presente che il diritto di opposizione dell’interessato, esposto al precedente punto b), per finalità di marketing diretto mediante modalità automatizzate si estende a quelle tradizionali e che comunque resta salva la possibilità per l’interessato di esercitare il diritto di opposizione anche solo in parte. Pertanto, l’interessato può decidere di ricevere solo comunicazioni mediante modalità tradizionali ovvero solo comunicazioni automatizzate oppure nessuna delle due tipologie di comunicazione.<br>Ove applicabili, ha altresì i diritti di cui agli artt. 16-21 GDPR (Diritto di rettifica, diritto all’oblio, diritto di limitazione di trattamento, diritto alla portabilità dei dati, diritto di opposizione), nonché il diritto di reclamo all’Autorità Garante.</p>



<p><strong>Modalità di esercizio dei diritti<br></strong>L’Utente potrà in qualsiasi momento esercitare i diritti inviando:</p>



<p>– una raccomandata a.r. a Esteticamente Monica sita in Via Buggianese, 23, 51019 Ponte Buggianese PT;</p>



<p><strong>Periodo di conservazione dei dati<br></strong>I dati saranno conservati per 12 mesi dopo la richiesta effettuata per ragioni inerenti il buon servizio nei confronti del cliente. Fatture, ricevute e documenti lavorativi saraano conservati tutto il tempo necessario previsto per adempiere agli obblighi di legge della normativa fiscale e contabile.</p>



<p><strong>Titolare, responsabile e incaricati<br></strong>Il Titolare del trattamento è Monica Giusti titolare dell’azienda.</p>

<p>Esteticamente Monica di Monica Giusti sita in Via Buggianese, 23, 51019 Ponte Buggianese PT, Part. Iva e C.F: 02236420465 (in seguito, “Titolare”), nella persona del legale rappresentante, in qualità di titolare del trattamento, La informa ai sensi dell’art. 13 DLgs 30/6/2003 n. 196 (in seguito, “Codice Privacy”) e dell’articolo 13 Regolamento UE n. 2016/679 (in [&hellip;]</p>
