{"id":67,"date":"2023-10-19T07:43:53","date_gmt":"2023-10-19T07:43:53","guid":{"rendered":"https:\/\/esteticamentemonica.it\/?page_id=67"},"modified":"2025-04-29T14:50:30","modified_gmt":"2025-04-29T14:50:30","slug":"beauty","status":"publish","type":"page","link":"https:\/\/esteticamentemonica.it\/index.php\/beauty\/","title":{"rendered":"Beauty"},"content":{"rendered":"<p>[et_pb_section fb_built=&#8221;1&#8243; admin_label=&#8221;Header&#8221; _builder_version=&#8221;4.21.0&#8243; _module_preset=&#8221;default&#8221; background_color=&#8221;#FFFFFF&#8221; background_image=&#8221;https:\/\/esteticamentemonica.it\/wp-content\/uploads\/2025\/04\/DSC_0246-xx-1-scaled.jpg&#8221; parallax=&#8221;on&#8221; custom_padding=&#8221;8vw||||false|false&#8221; hover_enabled=&#8221;0&#8243; locked=&#8221;off&#8221; collapsed=&#8221;on&#8221; global_colors_info=&#8221;{}&#8221; title_text=&#8221;DSC_0246 xx&#8221; sticky_enabled=&#8221;0&#8243;][et_pb_row _builder_version=&#8221;4.19.2&#8243; _module_preset=&#8221;default&#8221; global_colors_info=&#8221;{}&#8221;][et_pb_column type=&#8221;4_4&#8243; _builder_version=&#8221;4.19.2&#8243; _module_preset=&#8221;default&#8221; global_colors_info=&#8221;{}&#8221;][et_pb_text _builder_version=&#8221;4.21.0&#8243; _module_preset=&#8221;cf6797d8-2146-4d89-a383-d2ff718cc6a1&#8243; text_orientation=&#8221;center&#8221; global_colors_info=&#8221;{}&#8221;]<\/p>\n<h4><strong>La bellezza di prendersi cura di s\u00e9<\/strong><\/h4>\n<p>[\/et_pb_text][et_pb_text _builder_version=&#8221;4.21.0&#8243; _module_preset=&#8221;6fbb9c93-6050-4d3e-8504-9922c5158e17&#8243; text_orientation=&#8221;center&#8221; global_colors_info=&#8221;{}&#8221;]<\/p>\n<h1>Esteticamente Monica<\/h1>\n<p>[\/et_pb_text][\/et_pb_column][\/et_pb_row][\/et_pb_section][et_pb_section fb_built=&#8221;1&#8243; admin_label=&#8221;Header&#8221; _builder_version=&#8221;4.20.2&#8243; _module_preset=&#8221;default&#8221; background_color=&#8221;gcid-f6a3689d-a668-4350-af50-132b2d07b02b&#8221; background_image=&#8221;https:\/\/esteticamentemonica.it\/wp-content\/uploads\/2023\/10\/makeup-studio-47.png&#8221; background_size=&#8221;custom&#8221; background_image_width=&#8221;48%&#8221; background_position=&#8221;top_left&#8221; background_horizontal_offset=&#8221;-8vw&#8221; background_vertical_offset=&#8221;-8vw&#8221; collapsed=&#8221;on&#8221; global_colors_info=&#8221;{%22gcid-f6a3689d-a668-4350-af50-132b2d07b02b%22:%91%22background_color%22%93}&#8221;][et_pb_row _builder_version=&#8221;4.20.2&#8243; _module_preset=&#8221;default&#8221; global_colors_info=&#8221;{}&#8221;][et_pb_column type=&#8221;4_4&#8243; _builder_version=&#8221;4.19.2&#8243; _module_preset=&#8221;default&#8221; global_colors_info=&#8221;{}&#8221;][et_pb_text _builder_version=&#8221;4.21.0&#8243; _module_preset=&#8221;069cb59e-e421-46fc-b0bf-19825d302453&#8243; global_colors_info=&#8221;{}&#8221;]<\/p>\n<h4>Prenditi cura di te<\/h4>\n<p>[\/et_pb_text][et_pb_text _builder_version=&#8221;4.21.0&#8243; _module_preset=&#8221;3dc1296d-05ba-4e5e-99fe-8f9f85d5313b&#8221; global_colors_info=&#8221;{}&#8221;]<\/p>\n<h1>La Bellezza di ogni giorno<\/h1>\n<p>[\/et_pb_text][\/et_pb_column][\/et_pb_row][et_pb_row column_structure=&#8221;1_2,1_2&#8243; _builder_version=&#8221;4.20.2&#8243; _module_preset=&#8221;default&#8221; global_colors_info=&#8221;{}&#8221;][et_pb_column type=&#8221;1_2&#8243; _builder_version=&#8221;4.19.2&#8243; _module_preset=&#8221;default&#8221; overflow-x=&#8221;visible&#8221; overflow-y=&#8221;visible&#8221; custom_padding=&#8221;30px|30px|30px|30px|true|true&#8221; border_radii=&#8221;on|500px|500px|500px|500px&#8221; border_width_all=&#8221;6px&#8221; border_color_all=&#8221;#EBEBEB&#8221; global_colors_info=&#8221;{}&#8221;][et_pb_image src=&#8221;https:\/\/esteticamentemonica.it\/wp-content\/uploads\/2023\/10\/makeup-studio-42.png&#8221; title_text=&#8221;makeup-studio-42&#8243; _builder_version=&#8221;4.19.5&#8243; _module_preset=&#8221;default&#8221; transform_translate=&#8221;-70%|0px&#8221; transform_translate_linked=&#8221;off&#8221; positioning=&#8221;absolute&#8221; width=&#8221;55%&#8221; global_colors_info=&#8221;{}&#8221;][\/et_pb_image][et_pb_image src=&#8221;https:\/\/esteticamentemonica.it\/wp-content\/uploads\/2025\/04\/DSC_0334-scaled.jpg&#8221; title_text=&#8221;DSC_0334&#8243; _builder_version=&#8221;4.21.0&#8243; _module_preset=&#8221;default&#8221; hover_enabled=&#8221;0&#8243; border_radii=&#8221;on|500px|500px|500px|500px&#8221; border_width_all=&#8221;10px&#8221; border_color_all=&#8221;#FFFFFF&#8221; box_shadow_style=&#8221;preset4&#8243; box_shadow_horizontal=&#8221;0px&#8221; box_shadow_vertical=&#8221;0px&#8221; box_shadow_spread=&#8221;30px&#8221; box_shadow_color=&#8221;gcid-f6a3689d-a668-4350-af50-132b2d07b02b&#8221; global_colors_info=&#8221;{%22gcid-f6a3689d-a668-4350-af50-132b2d07b02b%22:%91%22box_shadow_color%22%93}&#8221; sticky_enabled=&#8221;0&#8243;][\/et_pb_image][\/et_pb_column][et_pb_column type=&#8221;1_2&#8243; _builder_version=&#8221;4.19.2&#8243; _module_preset=&#8221;default&#8221; global_colors_info=&#8221;{}&#8221;][et_pb_text _builder_version=&#8221;4.21.0&#8243; _module_preset=&#8221;0786d05e-652b-40a1-b034-1290ccb2db49&#8243; global_colors_info=&#8221;{}&#8221;]<\/p>\n<h2>Manicure e Pedicure<\/h2>\n<p>[\/et_pb_text][et_pb_text _builder_version=&#8221;4.21.0&#8243; _module_preset=&#8221;e2ea186b-da07-4c49-b70f-84e722d0d572&#8243; global_colors_info=&#8221;{}&#8221;]<\/p>\n<p>Esteticamente Monica \u00e8 qui per offrirti trattamenti di manicure, pedicure e ricostruzione unghie personalizzati e di alta qualit\u00e0. Con anni di esperienza nel settore, ci dedichiamo a fornire servizi impeccabili e a creare un&#8217;esperienza di relax per i nostri clienti.<\/p>\n<p>I nostri esperti nail artist sono appassionati della cura delle unghie e dedicati a fornire risultati sorprendenti. Dalla manicure classica al design delle unghie pi\u00f9 intricato, offriamo una gamma completa di servizi progettati per soddisfare le esigenze individuali di ogni cliente. La nostra gamma di trattamenti include la manicure e la pedicure tradizionale, la ricostruzione delle unghie con materiali di alta qualit\u00e0, l&#8217;applicazione di gel e smalto semipermanente e una vasta gamma di opzioni per la nail art creativa e personalizzata.<\/p>\n<p>Presso il nostro studio, mettiamo l&#8217;accento sull&#8217;igiene e sulla sterilizzazione professionale per garantire un ambiente sicuro e confortevole per i nostri clienti. Utilizziamo solo i migliori prodotti disponibili sul mercato per garantire risultati duraturi e una cura ottimale delle unghie. La nostra attenzione ai dettagli e alla precisione ci distingue e ci consente di offrire risultati che superano le aspettative.<\/p>\n<p>[\/et_pb_text][et_pb_button button_url=&#8221;tel:+393398830015&#8243; url_new_window=&#8221;on&#8221; button_text=&#8221;Contattaci&#8221; _builder_version=&#8221;4.21.0&#8243; _module_preset=&#8221;70699bf5-3401-4f7c-81ae-d831a5060a4c&#8221; global_colors_info=&#8221;{}&#8221;][\/et_pb_button][\/et_pb_column][\/et_pb_row][\/et_pb_section][et_pb_section fb_built=&#8221;1&#8243; admin_label=&#8221;About&#8221; _builder_version=&#8221;4.19.5&#8243; _module_preset=&#8221;default&#8221; background_color=&#8221;gcid-d69cdd80-7102-4dfa-b2aa-4f565509d968&#8243; background_image=&#8221;https:\/\/esteticamentemonica.it\/wp-content\/uploads\/2023\/10\/makeup-studio-44.png&#8221; background_size=&#8221;custom&#8221; background_image_width=&#8221;40%&#8221; background_position=&#8221;top_right&#8221; background_horizontal_offset=&#8221;3vw&#8221; background_vertical_offset=&#8221;4vw&#8221; collapsed=&#8221;on&#8221; global_colors_info=&#8221;{%22gcid-d69cdd80-7102-4dfa-b2aa-4f565509d968%22:%91%22background_color%22%93}&#8221;][et_pb_row column_structure=&#8221;1_2,1_2&#8243; _builder_version=&#8221;4.20.2&#8243; _module_preset=&#8221;default&#8221; global_colors_info=&#8221;{}&#8221;][et_pb_column type=&#8221;1_2&#8243; _builder_version=&#8221;4.19.2&#8243; _module_preset=&#8221;default&#8221; global_colors_info=&#8221;{}&#8221;][et_pb_text _builder_version=&#8221;4.21.0&#8243; _module_preset=&#8221;069cb59e-e421-46fc-b0bf-19825d302453&#8243; global_colors_info=&#8221;{}&#8221;]<\/p>\n<h4>Coccole per star bene<\/h4>\n<p>[\/et_pb_text][et_pb_text _builder_version=&#8221;4.21.0&#8243; _module_preset=&#8221;0786d05e-652b-40a1-b034-1290ccb2db49&#8243; global_colors_info=&#8221;{}&#8221;]<\/p>\n<h2>Trattamenti e massaggi<\/h2>\n<p>[\/et_pb_text][et_pb_text _builder_version=&#8221;4.21.0&#8243; _module_preset=&#8221;e2ea186b-da07-4c49-b70f-84e722d0d572&#8243; global_colors_info=&#8221;{}&#8221;]<\/p>\n<p>Metti al centro la cura della bellezza del tuo corpo e del viso. Offriamo una vasta gamma di trattamenti specifici, progettati per soddisfare le tue esigenze di bellezza e benessere. Dai trattamenti per il viso che rigenerano la pelle e donano luminosit\u00e0, ai trattamenti anticellulite e snellenti che mirano a scolpire il tuo corpo. Esteticamente Monica \u00e8 qui per aiutarti a raggiungere i tuoi obiettivi di bellezza.<\/p>\n<p>I nostri trattamenti anticellulite e snellenti sono sviluppati per mirare alle aree problematiche e favorire una silhouette pi\u00f9 tonica e definita. Con l&#8217;uso di tecniche avanzate e prodotti di qualit\u00e0, ci impegniamo a offrire risultati visibili e duraturi. Inoltre, i nostri trattamenti dimagranti sono progettati per sostenere il tuo percorso di perdita di peso in modo sano e sostenibile, combinando metodologie comprovate e personalizzazione in base alle tue esigenze specifiche.<\/p>\n<p>I nostri massaggi corpo e estetici sono eseguiti da professionisti esperti che comprendono le esigenze specifiche del tuo corpo. Dalla riduzione dello stress all&#8217;aumento della circolazione, i nostri massaggi mirano a offrirti una sensazione di relax profondo e a migliorare il tuo benessere complessivo.<\/p>\n<p>Siamo dedicati a offrire un&#8217;esperienza di trattamento completa, unendo competenza professionale a un ambiente accogliente e rilassante. Contattaci oggi per prenotare il tuo trattamento e inizia il tuo viaggio verso una pelle radiosa e un corpo tonico.<\/p>\n<p>[\/et_pb_text][et_pb_button button_url=&#8221;tel:+393398830015&#8243; button_text=&#8221;Chiedi un appuntamento&#8221; _builder_version=&#8221;4.21.0&#8243; _module_preset=&#8221;b1c1398e-22d7-4e6f-b233-1faaadfde355&#8243; global_colors_info=&#8221;{}&#8221;][\/et_pb_button][\/et_pb_column][et_pb_column type=&#8221;1_2&#8243; _builder_version=&#8221;4.19.2&#8243; _module_preset=&#8221;default&#8221; global_colors_info=&#8221;{}&#8221;][et_pb_image src=&#8221;https:\/\/esteticamentemonica.it\/wp-content\/uploads\/2023\/10\/Massaggio-Pistoia.jpg&#8221; title_text=&#8221;Massaggio Pistoia&#8221; _builder_version=&#8221;4.21.0&#8243; _module_preset=&#8221;default&#8221; hover_enabled=&#8221;0&#8243; border_radii=&#8221;on|500px|500px|500px|500px&#8221; border_width_all=&#8221;10px&#8221; border_color_all=&#8221;#FFFFFF&#8221; global_colors_info=&#8221;{}&#8221; sticky_enabled=&#8221;0&#8243;][\/et_pb_image][\/et_pb_column][\/et_pb_row][\/et_pb_section][et_pb_section fb_built=&#8221;1&#8243; admin_label=&#8221;Features&#8221; _builder_version=&#8221;4.19.5&#8243; _module_preset=&#8221;default&#8221; background_color=&#8221;gcid-f6a3689d-a668-4350-af50-132b2d07b02b&#8221; collapsed=&#8221;on&#8221; global_colors_info=&#8221;{%22gcid-f6a3689d-a668-4350-af50-132b2d07b02b%22:%91%22background_color%22%93}&#8221;][et_pb_row column_structure=&#8221;1_2,1_2&#8243; _builder_version=&#8221;4.19.2&#8243; _module_preset=&#8221;default&#8221; border_color_all=&#8221;#000000&#8243; border_width_bottom=&#8221;1px&#8221; global_colors_info=&#8221;{}&#8221;][et_pb_column type=&#8221;1_2&#8243; _builder_version=&#8221;4.19.2&#8243; _module_preset=&#8221;default&#8221; global_colors_info=&#8221;{}&#8221;][et_pb_text _builder_version=&#8221;4.21.0&#8243; _module_preset=&#8221;a0f0b257-b04a-48f7-b122-4d47f552e8c6&#8243; global_colors_info=&#8221;{}&#8221;]<\/p>\n<h3>Come posso prenotare un trattamento e cosa accade in caso di cancellazione?<\/h3>\n<p>[\/et_pb_text][\/et_pb_column][et_pb_column type=&#8221;1_2&#8243; _builder_version=&#8221;4.19.2&#8243; _module_preset=&#8221;default&#8221; global_colors_info=&#8221;{}&#8221;][et_pb_text _builder_version=&#8221;4.21.0&#8243; _module_preset=&#8221;a34f821a-0104-417c-a8a7-3dd0b04c71c9&#8243; global_colors_info=&#8221;{}&#8221;]<\/p>\n<p>Prenotare \u00e8 semplicissimo! Ti baster\u00e0 chiamarci al 339 883 0015<span>. Per le cancellazioni non ci sono penali, ovviamente chiediamo ai clienti di essere comprensivi, quindi di annullare appuntamenti solo per motivi validi e possibilmente con ampio anticipo.<\/span><\/p>\n<p>[\/et_pb_text][\/et_pb_column][\/et_pb_row][et_pb_row column_structure=&#8221;1_2,1_2&#8243; _builder_version=&#8221;4.19.2&#8243; _module_preset=&#8221;default&#8221; border_color_all=&#8221;#000000&#8243; border_width_bottom=&#8221;1px&#8221; global_colors_info=&#8221;{}&#8221;][et_pb_column type=&#8221;1_2&#8243; _builder_version=&#8221;4.19.2&#8243; _module_preset=&#8221;default&#8221; global_colors_info=&#8221;{}&#8221;][et_pb_text _builder_version=&#8221;4.21.0&#8243; _module_preset=&#8221;a0f0b257-b04a-48f7-b122-4d47f552e8c6&#8243; global_colors_info=&#8221;{}&#8221;]<\/p>\n<h3><span>Quali sono i consigli post-trattamento per mantenere i risultati di una manicure?<\/span><\/h3>\n<p>[\/et_pb_text][\/et_pb_column][et_pb_column type=&#8221;1_2&#8243; _builder_version=&#8221;4.19.2&#8243; _module_preset=&#8221;default&#8221; global_colors_info=&#8221;{}&#8221;][et_pb_text _builder_version=&#8221;4.21.0&#8243; _module_preset=&#8221;a34f821a-0104-417c-a8a7-3dd0b04c71c9&#8243; global_colors_info=&#8221;{}&#8221;]<\/p>\n<p>Evita l&#8217;acqua per un paio d&#8217;ore, utilizza i guanti per pulizie domestiche o lavori impegnativi, idrata regolarmente mani e cuticole, <span>applica uno strato trasparente di top coat in caso di scheggiature e per quanto possibile evita prodotti chimici aggressivi.<\/span><\/p>\n<p>[\/et_pb_text][\/et_pb_column][\/et_pb_row][et_pb_row column_structure=&#8221;1_2,1_2&#8243; _builder_version=&#8221;4.19.2&#8243; _module_preset=&#8221;default&#8221; border_color_all=&#8221;#000000&#8243; border_width_bottom=&#8221;1px&#8221; global_colors_info=&#8221;{}&#8221;][et_pb_column type=&#8221;1_2&#8243; _builder_version=&#8221;4.19.2&#8243; _module_preset=&#8221;default&#8221; global_colors_info=&#8221;{}&#8221;][et_pb_text _builder_version=&#8221;4.21.0&#8243; _module_preset=&#8221;a0f0b257-b04a-48f7-b122-4d47f552e8c6&#8243; global_colors_info=&#8221;{}&#8221;]<\/p>\n<h3>Quante sedute sono necessarie per un trattamento anti-cellulite?<\/h3>\n<p>[\/et_pb_text][\/et_pb_column][et_pb_column type=&#8221;1_2&#8243; _builder_version=&#8221;4.19.2&#8243; _module_preset=&#8221;default&#8221; global_colors_info=&#8221;{}&#8221;][et_pb_text _builder_version=&#8221;4.21.0&#8243; _module_preset=&#8221;a34f821a-0104-417c-a8a7-3dd0b04c71c9&#8243; global_colors_info=&#8221;{}&#8221;]<\/p>\n<p>La quantit\u00e0 di sedute necessarie pu\u00f2 variare in base al grado di cellulite e alle esigenze specifiche del cliente. Di solito consigliamo un ciclo di trattamento che pu\u00f2 includere 8-12 sedute per risultati ottimali.<\/p>\n<p>[\/et_pb_text][\/et_pb_column][\/et_pb_row][et_pb_row column_structure=&#8221;1_2,1_2&#8243; _builder_version=&#8221;4.19.2&#8243; _module_preset=&#8221;default&#8221; border_color_all=&#8221;#000000&#8243; border_width_bottom=&#8221;1px&#8221; global_colors_info=&#8221;{}&#8221;][et_pb_column type=&#8221;1_2&#8243; _builder_version=&#8221;4.19.2&#8243; _module_preset=&#8221;default&#8221; global_colors_info=&#8221;{}&#8221;][et_pb_text _builder_version=&#8221;4.21.0&#8243; _module_preset=&#8221;a0f0b257-b04a-48f7-b122-4d47f552e8c6&#8243; global_colors_info=&#8221;{}&#8221;]<\/p>\n<h3>I trattamenti sono adatti sia per uomini che per donne?<\/h3>\n<p>[\/et_pb_text][\/et_pb_column][et_pb_column type=&#8221;1_2&#8243; _builder_version=&#8221;4.19.2&#8243; _module_preset=&#8221;default&#8221; global_colors_info=&#8221;{}&#8221;][et_pb_text _builder_version=&#8221;4.21.0&#8243; _module_preset=&#8221;a34f821a-0104-417c-a8a7-3dd0b04c71c9&#8243; global_colors_info=&#8221;{}&#8221;]<\/p>\n<p>S\u00ec, i trattamenti estetici di Esteticamente Monica sono adatti sia per uomini che per donne. Offriamo soluzioni personalizzate per soddisfare le esigenze di tutti i nostri clienti, garantendo un&#8217;esperienza confortevole e risultati soddisfacenti.<\/p>\n<p>[\/et_pb_text][\/et_pb_column][\/et_pb_row][\/et_pb_section][et_pb_section fb_built=&#8221;1&#8243; admin_label=&#8221;About&#8221; _builder_version=&#8221;4.19.5&#8243; _module_preset=&#8221;default&#8221; background_color=&#8221;gcid-d69cdd80-7102-4dfa-b2aa-4f565509d968&#8243; background_image=&#8221;https:\/\/esteticamentemonica.it\/wp-content\/uploads\/2023\/10\/makeup-studio-44.png&#8221; background_size=&#8221;custom&#8221; background_image_width=&#8221;40%&#8221; background_position=&#8221;top_right&#8221; background_horizontal_offset=&#8221;3vw&#8221; background_vertical_offset=&#8221;4vw&#8221; locked=&#8221;off&#8221; collapsed=&#8221;on&#8221; global_colors_info=&#8221;{%22gcid-d69cdd80-7102-4dfa-b2aa-4f565509d968%22:%91%22background_color%22%93}&#8221;][et_pb_row column_structure=&#8221;1_2,1_2&#8243; _builder_version=&#8221;4.20.2&#8243; _module_preset=&#8221;default&#8221; global_colors_info=&#8221;{}&#8221;][et_pb_column type=&#8221;1_2&#8243; _builder_version=&#8221;4.19.2&#8243; _module_preset=&#8221;default&#8221; global_colors_info=&#8221;{}&#8221;][et_pb_text _builder_version=&#8221;4.21.0&#8243; _module_preset=&#8221;069cb59e-e421-46fc-b0bf-19825d302453&#8243; global_colors_info=&#8221;{}&#8221;]<\/p>\n<h4>Esteticamente Monica \u00e8 sempre con te<\/h4>\n<p>[\/et_pb_text][et_pb_text _builder_version=&#8221;4.21.0&#8243; _module_preset=&#8221;0786d05e-652b-40a1-b034-1290ccb2db49&#8243; global_colors_info=&#8221;{}&#8221;]<\/p>\n<h2>Depilazione e Luce Pulsata<\/h2>\n<p>[\/et_pb_text][et_pb_text _builder_version=&#8221;4.21.0&#8243; _module_preset=&#8221;e2ea186b-da07-4c49-b70f-84e722d0d572&#8243; global_colors_info=&#8221;{}&#8221;]<\/p>\n<p>La depilazione \u00e8 un aspetto importante della cura del corpo, e Esteticamente Monica \u00e8 qui per rendere questo processo il pi\u00f9 efficace, indolore e rilassante possibile.<\/p>\n<p>I nostri esperti depilatori sono dedicati a fornire risultati impeccabili, utilizzando le ultime tecnologie e tecniche comprovate. Offriamo una variet\u00e0 di opzioni di depilazione, tra cui ceretta, epilazione laser, e altre tecniche personalizzate per le tue preferenze e il tipo di pelle. La tua comodit\u00e0 e soddisfazione sono la nostra priorit\u00e0 principale.<\/p>\n<p>Inoltre potrai provare la luce pulsata, una tecnica sicura ed efficace per ottenere una pelle liscia e levigata, riducendo i peli superflui in modo duraturo e contrastando i segni dell&#8217;invecchiamento.<\/p>\n<p>Presso il nostro centro, ci assicuriamo che ogni cliente si senta a proprio agio e tranquillo durante il trattamento. Utilizziamo prodotti di alta qualit\u00e0 per ridurre al minimo l&#8217;irritazione e garantire risultati eccellenti. Siamo qui per aiutarti a sperimentare la pelle setosa e senza peli che meriti.<\/p>\n<p>Prenota oggi stesso per un trattamento di depilazione professionale e sperimenta la differenza. La tua bellezza inizia qui, da Esteticamente Monica.<\/p>\n<p>[\/et_pb_text][et_pb_button button_url=&#8221;tel:+393398830015&#8243; button_text=&#8221;Contattaci&#8221; _builder_version=&#8221;4.21.0&#8243; _module_preset=&#8221;b1c1398e-22d7-4e6f-b233-1faaadfde355&#8243; global_colors_info=&#8221;{}&#8221;][\/et_pb_button][\/et_pb_column][et_pb_column type=&#8221;1_2&#8243; _builder_version=&#8221;4.19.2&#8243; _module_preset=&#8221;default&#8221; global_colors_info=&#8221;{}&#8221;][et_pb_image src=&#8221;https:\/\/esteticamentemonica.it\/wp-content\/uploads\/2025\/04\/DSC_0297-scaled.jpg&#8221; title_text=&#8221;DSC_0297&#8243; _builder_version=&#8221;4.21.0&#8243; _module_preset=&#8221;default&#8221; hover_enabled=&#8221;0&#8243; border_radii=&#8221;on|500px|500px|500px|500px&#8221; border_width_all=&#8221;10px&#8221; border_color_all=&#8221;#FFFFFF&#8221; global_colors_info=&#8221;{}&#8221; alt=&#8221;depilazione laser&#8221; sticky_enabled=&#8221;0&#8243;][\/et_pb_image][\/et_pb_column][\/et_pb_row][\/et_pb_section]<\/p>\n","protected":false},"excerpt":{"rendered":"<p>La bellezza di prendersi cura di s\u00e9Esteticamente MonicaPrenditi cura di teLa Bellezza di ogni giornoManicure e PedicureEsteticamente Monica \u00e8 qui per offrirti trattamenti di manicure, pedicure e ricostruzione unghie personalizzati e di alta qualit\u00e0. Con anni di esperienza nel settore, ci dedichiamo a fornire servizi impeccabili e a creare un&#8217;esperienza di relax per i nostri [&hellip;]<\/p>\n","protected":false},"author":1,"featured_media":0,"parent":0,"menu_order":0,"comment_status":"closed","ping_status":"closed","template":"","meta":{"_et_pb_use_builder":"on","_et_pb_old_content":"","_et_gb_content_width":"","_themeisle_gutenberg_block_has_review":false,"footnotes":""},"class_list":["post-67","page","type-page","status-publish","hentry"],"_links":{"self":[{"href":"https:\/\/esteticamentemonica.it\/index.php\/wp-json\/wp\/v2\/pages\/67","targetHints":{"allow":["GET"]}}],"collection":[{"href":"https:\/\/esteticamentemonica.it\/index.php\/wp-json\/wp\/v2\/pages"}],"about":[{"href":"https:\/\/esteticamentemonica.it\/index.php\/wp-json\/wp\/v2\/types\/page"}],"author":[{"embeddable":true,"href":"https:\/\/esteticamentemonica.it\/index.php\/wp-json\/wp\/v2\/users\/1"}],"replies":[{"embeddable":true,"href":"https:\/\/esteticamentemonica.it\/index.php\/wp-json\/wp\/v2\/comments?post=67"}],"version-history":[{"count":10,"href":"https:\/\/esteticamentemonica.it\/index.php\/wp-json\/wp\/v2\/pages\/67\/revisions"}],"predecessor-version":[{"id":225,"href":"https:\/\/esteticamentemonica.it\/index.php\/wp-json\/wp\/v2\/pages\/67\/revisions\/225"}],"wp:attachment":[{"href":"https:\/\/esteticamentemonica.it\/index.php\/wp-json\/wp\/v2\/media?parent=67"}],"curies":[{"name":"wp","href":"https:\/\/api.w.org\/{rel}","templated":true}]}}