{"id":70,"date":"2023-10-19T07:45:15","date_gmt":"2023-10-19T07:45:15","guid":{"rendered":"https:\/\/esteticamentemonica.it\/?page_id=70"},"modified":"2025-04-29T14:54:14","modified_gmt":"2025-04-29T14:54:14","slug":"salon","status":"publish","type":"page","link":"https:\/\/esteticamentemonica.it\/index.php\/salon\/","title":{"rendered":"Spose e Special"},"content":{"rendered":"<p>[et_pb_section fb_built=&#8221;1&#8243; admin_label=&#8221;Header&#8221; _builder_version=&#8221;4.21.0&#8243; _module_preset=&#8221;default&#8221; background_color=&#8221;#FFFFFF&#8221; background_image=&#8221;https:\/\/esteticamentemonica.it\/wp-content\/uploads\/2025\/04\/sposa-scaled.jpg&#8221; parallax=&#8221;on&#8221; custom_padding=&#8221;8vw||||false|false&#8221; hover_enabled=&#8221;0&#8243; locked=&#8221;off&#8221; collapsed=&#8221;on&#8221; global_colors_info=&#8221;{}&#8221; sticky_enabled=&#8221;0&#8243; alt=&#8221;trucco sposa&#8221; title_text=&#8221;sposa&#8221;][et_pb_row _builder_version=&#8221;4.19.2&#8243; _module_preset=&#8221;default&#8221; global_colors_info=&#8221;{}&#8221;][et_pb_column type=&#8221;4_4&#8243; _builder_version=&#8221;4.19.2&#8243; _module_preset=&#8221;default&#8221; global_colors_info=&#8221;{}&#8221;][et_pb_text _builder_version=&#8221;4.21.0&#8243; _module_preset=&#8221;cf6797d8-2146-4d89-a383-d2ff718cc6a1&#8243; text_orientation=&#8221;center&#8221; global_colors_info=&#8221;{}&#8221;]<\/p>\n<h4><strong>La bellezza di prendersi cura di s\u00e9<\/strong><\/h4>\n<p>[\/et_pb_text][et_pb_text _builder_version=&#8221;4.21.0&#8243; _module_preset=&#8221;6fbb9c93-6050-4d3e-8504-9922c5158e17&#8243; text_orientation=&#8221;center&#8221; global_colors_info=&#8221;{}&#8221;]<\/p>\n<h1>Esteticamente Monica<\/h1>\n<p>[\/et_pb_text][\/et_pb_column][\/et_pb_row][\/et_pb_section][et_pb_section fb_built=&#8221;1&#8243; admin_label=&#8221;Header&#8221; _builder_version=&#8221;4.20.2&#8243; _module_preset=&#8221;default&#8221; background_color=&#8221;gcid-f6a3689d-a668-4350-af50-132b2d07b02b&#8221; background_image=&#8221;https:\/\/esteticamentemonica.it\/wp-content\/uploads\/2023\/10\/makeup-studio-47.png&#8221; background_size=&#8221;custom&#8221; background_image_width=&#8221;48%&#8221; background_position=&#8221;top_left&#8221; background_horizontal_offset=&#8221;-8vw&#8221; background_vertical_offset=&#8221;-8vw&#8221; collapsed=&#8221;on&#8221; global_colors_info=&#8221;{%22gcid-f6a3689d-a668-4350-af50-132b2d07b02b%22:%91%22background_color%22%93}&#8221;][et_pb_row _builder_version=&#8221;4.20.2&#8243; _module_preset=&#8221;default&#8221; global_colors_info=&#8221;{}&#8221;][et_pb_column type=&#8221;4_4&#8243; _builder_version=&#8221;4.19.2&#8243; _module_preset=&#8221;default&#8221; global_colors_info=&#8221;{}&#8221;][et_pb_text _builder_version=&#8221;4.21.0&#8243; _module_preset=&#8221;069cb59e-e421-46fc-b0bf-19825d302453&#8243; global_colors_info=&#8221;{}&#8221;]<\/p>\n<h4>Servizi speciali per persone speciali<\/h4>\n<p>[\/et_pb_text][et_pb_text _builder_version=&#8221;4.21.0&#8243; _module_preset=&#8221;3dc1296d-05ba-4e5e-99fe-8f9f85d5313b&#8221; global_colors_info=&#8221;{}&#8221;]<\/p>\n<h1>Qui per te<\/h1>\n<p>[\/et_pb_text][\/et_pb_column][\/et_pb_row][et_pb_row column_structure=&#8221;1_2,1_2&#8243; _builder_version=&#8221;4.20.2&#8243; _module_preset=&#8221;default&#8221; global_colors_info=&#8221;{}&#8221;][et_pb_column type=&#8221;1_2&#8243; _builder_version=&#8221;4.19.2&#8243; _module_preset=&#8221;default&#8221; overflow-x=&#8221;visible&#8221; overflow-y=&#8221;visible&#8221; custom_padding=&#8221;30px|30px|30px|30px|true|true&#8221; border_radii=&#8221;on|500px|500px|500px|500px&#8221; border_width_all=&#8221;6px&#8221; border_color_all=&#8221;#EBEBEB&#8221; global_colors_info=&#8221;{}&#8221;][et_pb_image src=&#8221;https:\/\/esteticamentemonica.it\/wp-content\/uploads\/2023\/10\/makeup-studio-42.png&#8221; title_text=&#8221;makeup-studio-42&#8243; _builder_version=&#8221;4.19.5&#8243; _module_preset=&#8221;default&#8221; transform_translate=&#8221;-70%|0px&#8221; transform_translate_linked=&#8221;off&#8221; positioning=&#8221;absolute&#8221; width=&#8221;55%&#8221; global_colors_info=&#8221;{}&#8221;][\/et_pb_image][et_pb_image src=&#8221;https:\/\/esteticamentemonica.it\/wp-content\/uploads\/2025\/04\/sposa-quadrato.png&#8221; title_text=&#8221;sposa quadrato&#8221; _builder_version=&#8221;4.21.0&#8243; _module_preset=&#8221;default&#8221; hover_enabled=&#8221;0&#8243; border_radii=&#8221;on|500px|500px|500px|500px&#8221; border_width_all=&#8221;10px&#8221; border_color_all=&#8221;#FFFFFF&#8221; box_shadow_style=&#8221;preset4&#8243; box_shadow_horizontal=&#8221;0px&#8221; box_shadow_vertical=&#8221;0px&#8221; box_shadow_spread=&#8221;30px&#8221; box_shadow_color=&#8221;gcid-f6a3689d-a668-4350-af50-132b2d07b02b&#8221; global_colors_info=&#8221;{%22gcid-f6a3689d-a668-4350-af50-132b2d07b02b%22:%91%22box_shadow_color%22%93}&#8221; sticky_enabled=&#8221;0&#8243;][\/et_pb_image][\/et_pb_column][et_pb_column type=&#8221;1_2&#8243; _builder_version=&#8221;4.19.2&#8243; _module_preset=&#8221;default&#8221; global_colors_info=&#8221;{}&#8221;][et_pb_text _builder_version=&#8221;4.21.0&#8243; _module_preset=&#8221;0786d05e-652b-40a1-b034-1290ccb2db49&#8243; global_colors_info=&#8221;{}&#8221;]<\/p>\n<h2>Servizio Sposi<\/h2>\n<p>[\/et_pb_text][et_pb_text _builder_version=&#8221;4.21.0&#8243; _module_preset=&#8221;e2ea186b-da07-4c49-b70f-84e722d0d572&#8243; global_colors_info=&#8221;{}&#8221;]<\/p>\n<p>Da Esteticamente Monica, comprendiamo l&#8217;importanza di apparire e sentirsi al meglio nel giorno del tuo matrimonio. Il nostro team dedicato di esperti estetisti \u00e8 qui per accompagnarti in un viaggio di bellezza e benessere, offrendo una gamma completa di servizi personalizzati progettati appositamente per gli sposi.<\/p>\n<p>Dal momento in cui entri nel nostro centro, ti accogliamo in un&#8217;atmosfera rilassante e lussuosa, dove ti dedicheremo una consulenza dettagliata per comprendere appieno le tue esigenze e i tuoi desideri personali. Dai trattamenti rigeneranti per la pelle e i capelli ai massaggi rilassanti e alle cure per le mani e i piedi, ci assicuriamo che ogni aspetto del tuo aspetto e del tuo benessere sia curato con attenzione e competenza.<\/p>\n<p>In collaborazione con te, svilupperemo un programma completo e personalizzato che ti preparer\u00e0 al meglio per il tuo giorno speciale. Utilizzando solo i prodotti e le tecniche pi\u00f9 avanzate, ti garantiamo un risultato impeccabile che durer\u00e0 per tutto il giorno, permettendovi di brillare e sentirvi sicuri mentre cammini verso l&#8217;altare.<\/p>\n<p>Affidati alla nostra esperienza e alla nostra dedizione per rendere il tuo matrimonio un evento indimenticabile. Prenota una consulenza oggi stesso e lascia che il nostro team ti guidi verso un&#8217;esperienza di bellezza senza precedenti per il tuo giorno da favola.<\/p>\n<p>[\/et_pb_text][et_pb_button button_url=&#8221;tel:+393398830015&#8243; url_new_window=&#8221;on&#8221; button_text=&#8221;Fissa un incontro&#8221; _builder_version=&#8221;4.21.0&#8243; _module_preset=&#8221;70699bf5-3401-4f7c-81ae-d831a5060a4c&#8221; global_colors_info=&#8221;{}&#8221;][\/et_pb_button][\/et_pb_column][\/et_pb_row][\/et_pb_section][et_pb_section fb_built=&#8221;1&#8243; admin_label=&#8221;About&#8221; _builder_version=&#8221;4.19.5&#8243; _module_preset=&#8221;default&#8221; background_color=&#8221;gcid-d69cdd80-7102-4dfa-b2aa-4f565509d968&#8243; background_image=&#8221;https:\/\/esteticamentemonica.it\/wp-content\/uploads\/2023\/10\/makeup-studio-44.png&#8221; background_size=&#8221;custom&#8221; background_image_width=&#8221;40%&#8221; background_position=&#8221;top_right&#8221; background_horizontal_offset=&#8221;3vw&#8221; background_vertical_offset=&#8221;4vw&#8221; collapsed=&#8221;on&#8221; global_colors_info=&#8221;{%22gcid-d69cdd80-7102-4dfa-b2aa-4f565509d968%22:%91%22background_color%22%93}&#8221;][et_pb_row column_structure=&#8221;1_2,1_2&#8243; _builder_version=&#8221;4.20.2&#8243; _module_preset=&#8221;default&#8221; global_colors_info=&#8221;{}&#8221;][et_pb_column type=&#8221;1_2&#8243; _builder_version=&#8221;4.19.2&#8243; _module_preset=&#8221;default&#8221; global_colors_info=&#8221;{}&#8221;][et_pb_text _builder_version=&#8221;4.21.0&#8243; _module_preset=&#8221;069cb59e-e421-46fc-b0bf-19825d302453&#8243; global_colors_info=&#8221;{}&#8221;]<\/p>\n<h4>Abbronzata quando vuoi<\/h4>\n<p>[\/et_pb_text][et_pb_text _builder_version=&#8221;4.21.0&#8243; _module_preset=&#8221;0786d05e-652b-40a1-b034-1290ccb2db49&#8243; global_colors_info=&#8221;{}&#8221;]<\/p>\n<h2>Solarium<\/h2>\n<p>[\/et_pb_text][et_pb_text _builder_version=&#8221;4.21.0&#8243; _module_preset=&#8221;e2ea186b-da07-4c49-b70f-84e722d0d572&#8243; global_colors_info=&#8221;{}&#8221;]<\/p>\n<p>Non molti possono permettersi di trascorrere le proprie giornate in vacanza tutto l&#8217;anno, ma ci\u00f2 non significa che tu debba rinunciare a una pelle radiosa e dorata. Presso Esteticamente Monica, ci dedichiamo a offrire un&#8217;esperienza di abbronzatura sicura e controllata, permettendoti di godere di una pelle baciata dal sole in qualsiasi momento dell&#8217;anno, senza compromettere la salute della tua pelle.<\/p>\n<p>Il nostro Centro Solarium \u00e8 al top della qualit\u00e0, fornendo una gamma completa di servizi di abbronzatura che ti faranno sentire come se fossi in una localit\u00e0 balneare. Dotato di lettini e cabine doccia di ultima generazione, il nostro solarium \u00e8 progettato per offrirti il massimo comfort e relax durante le tue sessioni di abbronzatura.<\/p>\n<p>La tua sicurezza e benessere sono la nostra massima priorit\u00e0. Il nostro personale altamente qualificato \u00e8 sempre a disposizione per offrirti consigli personalizzati e assistenza durante il processo di abbronzatura, garantendo che tu ottenga un&#8217;abbronzatura naturale e uniforme senza compromettere la salute della tua pelle.<\/p>\n<p><span>Lascia che la nostra esperienza e professionalit\u00e0 ti regalino un&#8217;abbronzatura perfetta tutto l&#8217;anno. Rilassati e goditi il calore del sole da Esteticamente Monica.<\/span><\/p>\n<p>[\/et_pb_text][et_pb_button button_url=&#8221;tel:+393398830015&#8243; url_new_window=&#8221;on&#8221; button_text=&#8221;Contattaci&#8221; _builder_version=&#8221;4.21.0&#8243; _module_preset=&#8221;b1c1398e-22d7-4e6f-b233-1faaadfde355&#8243; global_colors_info=&#8221;{}&#8221;][\/et_pb_button][\/et_pb_column][et_pb_column type=&#8221;1_2&#8243; _builder_version=&#8221;4.19.2&#8243; _module_preset=&#8221;default&#8221; global_colors_info=&#8221;{}&#8221;][et_pb_image src=&#8221;https:\/\/esteticamentemonica.it\/wp-content\/uploads\/2025\/04\/DSC_0361-scaled.jpg&#8221; title_text=&#8221;DSC_0361&#8243; _builder_version=&#8221;4.21.0&#8243; _module_preset=&#8221;default&#8221; hover_enabled=&#8221;0&#8243; border_radii=&#8221;on|500px|500px|500px|500px&#8221; border_width_all=&#8221;10px&#8221; border_color_all=&#8221;#FFFFFF&#8221; global_colors_info=&#8221;{}&#8221; sticky_enabled=&#8221;0&#8243;][\/et_pb_image][\/et_pb_column][\/et_pb_row][\/et_pb_section][et_pb_section fb_built=&#8221;1&#8243; admin_label=&#8221;Features&#8221; _builder_version=&#8221;4.19.5&#8243; _module_preset=&#8221;default&#8221; background_color=&#8221;gcid-f6a3689d-a668-4350-af50-132b2d07b02b&#8221; collapsed=&#8221;on&#8221; global_colors_info=&#8221;{%22gcid-f6a3689d-a668-4350-af50-132b2d07b02b%22:%91%22background_color%22%93}&#8221;][et_pb_row column_structure=&#8221;1_2,1_2&#8243; _builder_version=&#8221;4.19.2&#8243; _module_preset=&#8221;default&#8221; border_color_all=&#8221;#000000&#8243; border_width_bottom=&#8221;1px&#8221; global_colors_info=&#8221;{}&#8221;][et_pb_column type=&#8221;1_2&#8243; _builder_version=&#8221;4.19.2&#8243; _module_preset=&#8221;default&#8221; global_colors_info=&#8221;{}&#8221;][et_pb_text _builder_version=&#8221;4.21.0&#8243; _module_preset=&#8221;a0f0b257-b04a-48f7-b122-4d47f552e8c6&#8243; global_colors_info=&#8221;{}&#8221;]<\/p>\n<h3>Quanto in anticipo dovrei prenotare i servizi per il matrimonio?<\/h3>\n<p>[\/et_pb_text][\/et_pb_column][et_pb_column type=&#8221;1_2&#8243; _builder_version=&#8221;4.19.2&#8243; _module_preset=&#8221;default&#8221; global_colors_info=&#8221;{}&#8221;][et_pb_text _builder_version=&#8221;4.21.0&#8243; _module_preset=&#8221;a34f821a-0104-417c-a8a7-3dd0b04c71c9&#8243; global_colors_info=&#8221;{}&#8221;]<\/p>\n<p>Consigliamo di prenotare i servizi per il matrimonio almeno 2-3 mesi in anticipo per garantire la disponibilit\u00e0 e avere tempo sufficiente per le prove e le consultazioni personalizzate.<\/p>\n<p>[\/et_pb_text][\/et_pb_column][\/et_pb_row][et_pb_row column_structure=&#8221;1_2,1_2&#8243; _builder_version=&#8221;4.19.2&#8243; _module_preset=&#8221;default&#8221; border_color_all=&#8221;#000000&#8243; border_width_bottom=&#8221;1px&#8221; global_colors_info=&#8221;{}&#8221;][et_pb_column type=&#8221;1_2&#8243; _builder_version=&#8221;4.19.2&#8243; _module_preset=&#8221;default&#8221; global_colors_info=&#8221;{}&#8221;][et_pb_text _builder_version=&#8221;4.21.0&#8243; _module_preset=&#8221;a0f0b257-b04a-48f7-b122-4d47f552e8c6&#8243; global_colors_info=&#8221;{}&#8221;]<\/p>\n<h3>Quali sono i costi medi dei servizi per gli sposi nel vostro studio?<\/h3>\n<p>[\/et_pb_text][\/et_pb_column][et_pb_column type=&#8221;1_2&#8243; _builder_version=&#8221;4.19.2&#8243; _module_preset=&#8221;default&#8221; global_colors_info=&#8221;{}&#8221;][et_pb_text _builder_version=&#8221;4.21.0&#8243; _module_preset=&#8221;a34f821a-0104-417c-a8a7-3dd0b04c71c9&#8243; global_colors_info=&#8221;{}&#8221;]<\/p>\n<p>I costi variano in base al tipo e alla combinazione di trattamenti selezionati. Ti invitiamo a contattarci direttamente per ottenere un preventivo dettagliato in base alle tue esigenze specifiche.<\/p>\n<p>[\/et_pb_text][\/et_pb_column][\/et_pb_row][et_pb_row column_structure=&#8221;1_2,1_2&#8243; _builder_version=&#8221;4.19.2&#8243; _module_preset=&#8221;default&#8221; border_color_all=&#8221;#000000&#8243; border_width_bottom=&#8221;1px&#8221; global_colors_info=&#8221;{}&#8221;][et_pb_column type=&#8221;1_2&#8243; _builder_version=&#8221;4.19.2&#8243; _module_preset=&#8221;default&#8221; global_colors_info=&#8221;{}&#8221;][et_pb_text _builder_version=&#8221;4.21.0&#8243; _module_preset=&#8221;a0f0b257-b04a-48f7-b122-4d47f552e8c6&#8243; global_colors_info=&#8221;{}&#8221;]<\/p>\n<h3>Quali precauzioni devo prendere prima e dopo l&#8217;utilizzo del solarium?<\/h3>\n<p>[\/et_pb_text][\/et_pb_column][et_pb_column type=&#8221;1_2&#8243; _builder_version=&#8221;4.19.2&#8243; _module_preset=&#8221;default&#8221; global_colors_info=&#8221;{}&#8221;][et_pb_text _builder_version=&#8221;4.21.0&#8243; _module_preset=&#8221;a34f821a-0104-417c-a8a7-3dd0b04c71c9&#8243; global_colors_info=&#8221;{}&#8221;]<\/p>\n<p>\u00c8 consigliabile idratarsi adeguatamente prima e dopo l&#8217;abbronzatura, nonch\u00e9 utilizzare sempre creme solari apposite e indossare occhiali protettivi durante le sessioni.<\/p>\n<p>[\/et_pb_text][\/et_pb_column][\/et_pb_row][et_pb_row column_structure=&#8221;1_2,1_2&#8243; _builder_version=&#8221;4.19.2&#8243; _module_preset=&#8221;default&#8221; border_color_all=&#8221;#000000&#8243; border_width_bottom=&#8221;1px&#8221; global_colors_info=&#8221;{}&#8221;][et_pb_column type=&#8221;1_2&#8243; _builder_version=&#8221;4.19.2&#8243; _module_preset=&#8221;default&#8221; global_colors_info=&#8221;{}&#8221;][et_pb_text _builder_version=&#8221;4.21.0&#8243; _module_preset=&#8221;a0f0b257-b04a-48f7-b122-4d47f552e8c6&#8243; global_colors_info=&#8221;{}&#8221;]<\/p>\n<h3>Quali tipi di problemi cutanei possono essere trattati con l&#8217;Ossigeno Terapia?<\/h3>\n<p>[\/et_pb_text][\/et_pb_column][et_pb_column type=&#8221;1_2&#8243; _builder_version=&#8221;4.19.2&#8243; _module_preset=&#8221;default&#8221; global_colors_info=&#8221;{}&#8221;][et_pb_text _builder_version=&#8221;4.21.0&#8243; _module_preset=&#8221;a34f821a-0104-417c-a8a7-3dd0b04c71c9&#8243; global_colors_info=&#8221;{}&#8221;]<\/p>\n<p>L&#8217;Ossigeno Terapia pu\u00f2 essere utile per trattare una variet\u00e0 di problemi cutanei, tra cui segni dell&#8217;invecchiamento, danni da sole, acne, cicatrici e discromie della pelle.<\/p>\n<p>[\/et_pb_text][\/et_pb_column][\/et_pb_row][\/et_pb_section][et_pb_section fb_built=&#8221;1&#8243; admin_label=&#8221;About&#8221; _builder_version=&#8221;4.19.5&#8243; _module_preset=&#8221;default&#8221; background_color=&#8221;gcid-d69cdd80-7102-4dfa-b2aa-4f565509d968&#8243; background_image=&#8221;https:\/\/esteticamentemonica.it\/wp-content\/uploads\/2023\/10\/makeup-studio-44.png&#8221; background_size=&#8221;custom&#8221; background_image_width=&#8221;40%&#8221; background_position=&#8221;top_right&#8221; background_horizontal_offset=&#8221;3vw&#8221; background_vertical_offset=&#8221;4vw&#8221; locked=&#8221;off&#8221; collapsed=&#8221;on&#8221; global_colors_info=&#8221;{%22gcid-d69cdd80-7102-4dfa-b2aa-4f565509d968%22:%91%22background_color%22%93}&#8221;][et_pb_row column_structure=&#8221;1_2,1_2&#8243; _builder_version=&#8221;4.20.2&#8243; _module_preset=&#8221;default&#8221; global_colors_info=&#8221;{}&#8221;][et_pb_column type=&#8221;1_2&#8243; _builder_version=&#8221;4.19.2&#8243; _module_preset=&#8221;default&#8221; global_colors_info=&#8221;{}&#8221;][et_pb_text _builder_version=&#8221;4.21.0&#8243; _module_preset=&#8221;069cb59e-e421-46fc-b0bf-19825d302453&#8243; global_colors_info=&#8221;{}&#8221;]<\/p>\n<h4>Un trattamento, tanti vantaggi<\/h4>\n<p>[\/et_pb_text][et_pb_text _builder_version=&#8221;4.21.0&#8243; _module_preset=&#8221;0786d05e-652b-40a1-b034-1290ccb2db49&#8243; global_colors_info=&#8221;{}&#8221;]<\/p>\n<h2>Ossigeno terapia<\/h2>\n<p>[\/et_pb_text][et_pb_text _builder_version=&#8221;4.21.0&#8243; _module_preset=&#8221;e2ea186b-da07-4c49-b70f-84e722d0d572&#8243; global_colors_info=&#8221;{}&#8221;]<\/p>\n<p><span>Da Esteticamente Monica potrai trovare l&#8217;Ossigeno Terapia, una soluzione all&#8217;avanguardia progettata per donare un aspetto fresco e giovanile alla pelle, promuovendo la luminosit\u00e0 e la vitalit\u00e0.<br \/>Ma perch\u00e9 questo trattamento \u00e8 cos\u00ec utile?<br \/><\/span><\/p>\n<p><strong>Aumento dell&#8217;ossigenazione cellulare:<\/strong> L&#8217;ossigeno puro somministrato durante il trattamento favorisce un aumento dell&#8217;ossigenazione delle cellule cutanee, migliorando la loro vitalit\u00e0 e la capacit\u00e0 di rigenerarsi.<\/p>\n<p><strong>Stimolazione della produzione di collagene:<\/strong> La terapia all&#8217;ossigeno \u00e8 nota per la sua capacit\u00e0 di stimolare la produzione di collagene, una proteina fondamentale per mantenere la pelle elastica e giovane, riducendo l&#8217;aspetto delle rughe e migliorando la compattezza della pelle.<\/p>\n<p><strong>Promozione della rigenerazione cellulare:<\/strong> L&#8217;Ossigeno Terapia favorisce la rigenerazione delle cellule della pelle, aiutando a sostituire le cellule danneggiate con cellule nuove e pi\u00f9 sane, il che porta a una pelle pi\u00f9 luminosa e uniforme.<\/p>\n<p><strong>Effetto antiossidante:<\/strong> I trattamenti di Ossigeno Terapia spesso incorporano anche antiossidanti che aiutano a contrastare i radicali liberi e a proteggere la pelle dai danni ambientali, contribuendo a ridurre i segni dell&#8217;invecchiamento e a migliorare la salute generale della pelle.<\/p>\n<p><strong>Miglioramento della luminosit\u00e0 della pelle:<\/strong> L&#8217;aumento dell&#8217;ossigeno e dei nutrienti forniti alla pelle durante il trattamento contribuisce a migliorare la sua luminosit\u00e0 complessiva, conferendole un aspetto pi\u00f9 fresco e radioso.<\/p>\n<p><span>\u00a0<\/span><\/p>\n<p>[\/et_pb_text][et_pb_button button_url=&#8221;tel:+393398830015&#8243; url_new_window=&#8221;on&#8221; button_text=&#8221;Richiedi un appuntamento&#8221; _builder_version=&#8221;4.21.0&#8243; _module_preset=&#8221;b1c1398e-22d7-4e6f-b233-1faaadfde355&#8243; global_colors_info=&#8221;{}&#8221;][\/et_pb_button][\/et_pb_column][et_pb_column type=&#8221;1_2&#8243; _builder_version=&#8221;4.19.2&#8243; _module_preset=&#8221;default&#8221; global_colors_info=&#8221;{}&#8221;][et_pb_image src=&#8221;https:\/\/esteticamentemonica.it\/wp-content\/uploads\/2023\/10\/Ossigeno-terapia-pistoia.jpg&#8221; title_text=&#8221;Ossigeno terapia pistoia&#8221; _builder_version=&#8221;4.21.0&#8243; _module_preset=&#8221;default&#8221; border_radii=&#8221;on|500px|500px|500px|500px&#8221; border_width_all=&#8221;10px&#8221; border_color_all=&#8221;#FFFFFF&#8221; global_colors_info=&#8221;{}&#8221;][\/et_pb_image][\/et_pb_column][\/et_pb_row][\/et_pb_section]<\/p>\n","protected":false},"excerpt":{"rendered":"<p>La bellezza di prendersi cura di s\u00e9Esteticamente MonicaServizi speciali per persone specialiQui per teServizio SposiDa Esteticamente Monica, comprendiamo l&#8217;importanza di apparire e sentirsi al meglio nel giorno del tuo matrimonio. Il nostro team dedicato di esperti estetisti \u00e8 qui per accompagnarti in un viaggio di bellezza e benessere, offrendo una gamma completa di servizi personalizzati [&hellip;]<\/p>\n","protected":false},"author":1,"featured_media":0,"parent":0,"menu_order":0,"comment_status":"closed","ping_status":"closed","template":"","meta":{"_et_pb_use_builder":"on","_et_pb_old_content":"","_et_gb_content_width":"","_themeisle_gutenberg_block_has_review":false,"footnotes":""},"class_list":["post-70","page","type-page","status-publish","hentry"],"_links":{"self":[{"href":"https:\/\/esteticamentemonica.it\/index.php\/wp-json\/wp\/v2\/pages\/70","targetHints":{"allow":["GET"]}}],"collection":[{"href":"https:\/\/esteticamentemonica.it\/index.php\/wp-json\/wp\/v2\/pages"}],"about":[{"href":"https:\/\/esteticamentemonica.it\/index.php\/wp-json\/wp\/v2\/types\/page"}],"author":[{"embeddable":true,"href":"https:\/\/esteticamentemonica.it\/index.php\/wp-json\/wp\/v2\/users\/1"}],"replies":[{"embeddable":true,"href":"https:\/\/esteticamentemonica.it\/index.php\/wp-json\/wp\/v2\/comments?post=70"}],"version-history":[{"count":9,"href":"https:\/\/esteticamentemonica.it\/index.php\/wp-json\/wp\/v2\/pages\/70\/revisions"}],"predecessor-version":[{"id":230,"href":"https:\/\/esteticamentemonica.it\/index.php\/wp-json\/wp\/v2\/pages\/70\/revisions\/230"}],"wp:attachment":[{"href":"https:\/\/esteticamentemonica.it\/index.php\/wp-json\/wp\/v2\/media?parent=70"}],"curies":[{"name":"wp","href":"https:\/\/api.w.org\/{rel}","templated":true}]}}