{"id":72,"date":"2023-10-19T07:46:56","date_gmt":"2023-10-19T07:46:56","guid":{"rendered":"https:\/\/esteticamentemonica.it\/?page_id=72"},"modified":"2025-04-29T15:53:53","modified_gmt":"2025-04-29T15:53:53","slug":"contatti","status":"publish","type":"page","link":"https:\/\/esteticamentemonica.it\/index.php\/contatti\/","title":{"rendered":"Contatti"},"content":{"rendered":"<p>[et_pb_section fb_built=&#8221;1&#8243; admin_label=&#8221;Header&#8221; _builder_version=&#8221;4.21.0&#8243; _module_preset=&#8221;default&#8221; background_color=&#8221;#FFFFFF&#8221; background_image=&#8221;https:\/\/esteticamentemonica.it\/wp-content\/uploads\/2025\/04\/contattaci-scaled.jpg&#8221; custom_padding=&#8221;8vw||||false|false&#8221; hover_enabled=&#8221;0&#8243; locked=&#8221;off&#8221; collapsed=&#8221;on&#8221; global_colors_info=&#8221;{}&#8221; sticky_enabled=&#8221;0&#8243; alt=&#8221;estaticamente monica&#8221; title_text=&#8221;contattaci&#8221; background_position=&#8221;top_center&#8221;][et_pb_row _builder_version=&#8221;4.19.2&#8243; _module_preset=&#8221;default&#8221; global_colors_info=&#8221;{}&#8221;][et_pb_column type=&#8221;4_4&#8243; _builder_version=&#8221;4.19.2&#8243; _module_preset=&#8221;default&#8221; global_colors_info=&#8221;{}&#8221;][et_pb_text _builder_version=&#8221;4.21.0&#8243; _module_preset=&#8221;cf6797d8-2146-4d89-a383-d2ff718cc6a1&#8243; text_orientation=&#8221;center&#8221; global_colors_info=&#8221;{}&#8221;]<\/p>\n<h4><strong>La bellezza di prendersi cura di s\u00e9<\/strong><\/h4>\n<p>[\/et_pb_text][et_pb_text _builder_version=&#8221;4.21.0&#8243; _module_preset=&#8221;6fbb9c93-6050-4d3e-8504-9922c5158e17&#8243; text_orientation=&#8221;center&#8221; global_colors_info=&#8221;{}&#8221;]<\/p>\n<h1>Esteticamente Monica<\/h1>\n<p>[\/et_pb_text][\/et_pb_column][\/et_pb_row][\/et_pb_section][et_pb_section fb_built=&#8221;1&#8243; admin_label=&#8221;Header&#8221; _builder_version=&#8221;4.19.2&#8243; _module_preset=&#8221;default&#8221; background_color=&#8221;gcid-f6a3689d-a668-4350-af50-132b2d07b02b&#8221; collapsed=&#8221;on&#8221; global_colors_info=&#8221;{%22gcid-f6a3689d-a668-4350-af50-132b2d07b02b%22:%91%22background_color%22%93}&#8221;][et_pb_row column_structure=&#8221;1_2,1_2&#8243; _builder_version=&#8221;4.19.2&#8243; _module_preset=&#8221;default&#8221; global_colors_info=&#8221;{}&#8221;][et_pb_column type=&#8221;1_2&#8243; _builder_version=&#8221;4.19.2&#8243; _module_preset=&#8221;default&#8221; background_color=&#8221;#FFFFFF&#8221; custom_padding=&#8221;60px|60px|60px|60px|true|true&#8221; custom_padding_tablet=&#8221;30px|30px|30px|30px|true|true&#8221; custom_padding_phone=&#8221;20px|20px|20px|20px|true|true&#8221; custom_padding_last_edited=&#8221;on|tablet&#8221; global_colors_info=&#8221;{}&#8221;][et_pb_blurb title=&#8221;Telefono e WhatsApp&#8221; image=&#8221;https:\/\/esteticamentemonica.it\/wp-content\/uploads\/2023\/10\/Minimal-Generic-Portfolio-icon-15.png&#8221; _builder_version=&#8221;4.21.0&#8243; _module_preset=&#8221;853be52a-7d67-40e8-914c-a05406f8cb22&#8243; body_link_text_color=&#8221;#666666&#8243; custom_margin=&#8221;||40px||false|false&#8221; hover_enabled=&#8221;0&#8243; locked=&#8221;off&#8221; global_colors_info=&#8221;{}&#8221; sticky_enabled=&#8221;0&#8243;]<\/p>\n<p><a data-dtype=\"d3ph\" data-local-attribute=\"d3ph\" jscontroller=\"LWZElb\" href=\"https:\/\/www.google.com\/search?q=esteticamente+monica&amp;oq=estet&amp;gs_lcrp=EgZjaHJvbWUqCwgAEEUYJxg7GIoFMgsIABBFGCcYOxiKBTIGCAEQRRg5MgoIAhAuGLEDGIAEMgYIAxBFGD0yBggEEEUYPDIGCAUQRRg8MgYIBhBFGDwyBggHEEUYPNIBCDEyOTRqMGo3qAIAsAIA&amp;sourceid=chrome&amp;ie=UTF-8#\" jsdata=\"QKGTRc;_;Cm1UHU\" jsaction=\"rcuQ6b:npT2md;F75qrd\" data-ved=\"2ahUKEwjYtunnuoaCAxWEgP0HHRINDeQQkAgoAHoECEgQAw\"><span aria-label=\"Chiama il numero di telefono 339 883 0015\">339 883 0015<\/span><\/a><\/p>\n<p>[\/et_pb_blurb][et_pb_blurb title=&#8221;Dove trovarci&#8221; image=&#8221;https:\/\/esteticamentemonica.it\/wp-content\/uploads\/2023\/10\/Minimal-Generic-Portfolio-icon-17.png&#8221; _builder_version=&#8221;4.21.0&#8243; _module_preset=&#8221;853be52a-7d67-40e8-914c-a05406f8cb22&#8243; body_link_text_color=&#8221;#666666&#8243; custom_margin=&#8221;||40px||false|false&#8221; locked=&#8221;off&#8221; global_colors_info=&#8221;{}&#8221;]<\/p>\n<p><span>Via Nilde Iotti, 7, 51019 &#8211; Ponte Buggianese (PT)<\/span><\/p>\n<p>[\/et_pb_blurb][et_pb_blurb title=&#8221;Orari&#8221; image=&#8221;https:\/\/esteticamentemonica.it\/wp-content\/uploads\/2023\/10\/Minimal-Generic-Portfolio-icon-18.png&#8221; _builder_version=&#8221;4.21.0&#8243; _module_preset=&#8221;853be52a-7d67-40e8-914c-a05406f8cb22&#8243; body_link_text_color=&#8221;#666666&#8243; locked=&#8221;off&#8221; global_colors_info=&#8221;{}&#8221;]<\/p>\n<p>Marted\u00ec &#8211; Venerd\u00ec: 9:00 &#8211; 19:30<br \/>Sabato: 9:00 &#8211; 13:00<\/p>\n<p>[\/et_pb_blurb][\/et_pb_column][et_pb_column type=&#8221;1_2&#8243; _builder_version=&#8221;4.19.2&#8243; _module_preset=&#8221;default&#8221; background_color=&#8221;#FFFFFF&#8221; custom_padding=&#8221;60px|60px|60px|60px|true|true&#8221; custom_padding_tablet=&#8221;30px|30px|30px|30px|true|true&#8221; custom_padding_phone=&#8221;20px|20px|20px|20px|true|true&#8221; custom_padding_last_edited=&#8221;on|tablet&#8221; global_colors_info=&#8221;{}&#8221;][et_pb_map _builder_version=&#8221;4.21.0&#8243; _module_preset=&#8221;default&#8221; global_colors_info=&#8221;{}&#8221;][\/et_pb_map][\/et_pb_column][\/et_pb_row][\/et_pb_section]<\/p>\n","protected":false},"excerpt":{"rendered":"<p>La bellezza di prendersi cura di s\u00e9Esteticamente Monica339 883 0015Via Nilde Iotti, 7, 51019 &#8211; Ponte Buggianese (PT)Marted\u00ec &#8211; Venerd\u00ec: 9:00 &#8211; 19:30Sabato: 9:00 &#8211; 13:00<\/p>\n","protected":false},"author":1,"featured_media":0,"parent":0,"menu_order":0,"comment_status":"closed","ping_status":"closed","template":"","meta":{"_et_pb_use_builder":"on","_et_pb_old_content":"","_et_gb_content_width":"","_themeisle_gutenberg_block_has_review":false,"footnotes":""},"class_list":["post-72","page","type-page","status-publish","hentry"],"_links":{"self":[{"href":"https:\/\/esteticamentemonica.it\/index.php\/wp-json\/wp\/v2\/pages\/72","targetHints":{"allow":["GET"]}}],"collection":[{"href":"https:\/\/esteticamentemonica.it\/index.php\/wp-json\/wp\/v2\/pages"}],"about":[{"href":"https:\/\/esteticamentemonica.it\/index.php\/wp-json\/wp\/v2\/types\/page"}],"author":[{"embeddable":true,"href":"https:\/\/esteticamentemonica.it\/index.php\/wp-json\/wp\/v2\/users\/1"}],"replies":[{"embeddable":true,"href":"https:\/\/esteticamentemonica.it\/index.php\/wp-json\/wp\/v2\/comments?post=72"}],"version-history":[{"count":9,"href":"https:\/\/esteticamentemonica.it\/index.php\/wp-json\/wp\/v2\/pages\/72\/revisions"}],"predecessor-version":[{"id":235,"href":"https:\/\/esteticamentemonica.it\/index.php\/wp-json\/wp\/v2\/pages\/72\/revisions\/235"}],"wp:attachment":[{"href":"https:\/\/esteticamentemonica.it\/index.php\/wp-json\/wp\/v2\/media?parent=72"}],"curies":[{"name":"wp","href":"https:\/\/api.w.org\/{rel}","templated":true}]}}

<p>[et_pb_section fb_built=&#8221;1&#8243; admin_label=&#8221;Header&#8221; _builder_version=&#8221;4.21.0&#8243; _module_preset=&#8221;default&#8221; background_color=&#8221;#FFFFFF&#8221; background_image=&#8221;https://esteticamentemonica.it/wp-content/uploads/2025/04/contattaci-scaled.jpg&#8221; custom_padding=&#8221;8vw||||false|false&#8221; hover_enabled=&#8221;0&#8243; locked=&#8221;off&#8221; collapsed=&#8221;on&#8221; global_colors_info=&#8221;{}&#8221; sticky_enabled=&#8221;0&#8243; alt=&#8221;estaticamente monica&#8221; title_text=&#8221;contattaci&#8221; background_position=&#8221;top_center&#8221;][et_pb_row _builder_version=&#8221;4.19.2&#8243; _module_preset=&#8221;default&#8221; global_colors_info=&#8221;{}&#8221;][et_pb_column type=&#8221;4_4&#8243; _builder_version=&#8221;4.19.2&#8243; _module_preset=&#8221;default&#8221; global_colors_info=&#8221;{}&#8221;][et_pb_text _builder_version=&#8221;4.21.0&#8243; _module_preset=&#8221;cf6797d8-2146-4d89-a383-d2ff718cc6a1&#8243; text_orientation=&#8221;center&#8221; global_colors_info=&#8221;{}&#8221;]</p>
<h4><strong>La bellezza di prendersi cura di sé</strong></h4>
<p>[/et_pb_text][et_pb_text _builder_version=&#8221;4.21.0&#8243; _module_preset=&#8221;6fbb9c93-6050-4d3e-8504-9922c5158e17&#8243; text_orientation=&#8221;center&#8221; global_colors_info=&#8221;{}&#8221;]</p>
<h1>Esteticamente Monica</h1>
<p>[/et_pb_text][/et_pb_column][/et_pb_row][/et_pb_section][et_pb_section fb_built=&#8221;1&#8243; admin_label=&#8221;Header&#8221; _builder_version=&#8221;4.19.2&#8243; _module_preset=&#8221;default&#8221; background_color=&#8221;gcid-f6a3689d-a668-4350-af50-132b2d07b02b&#8221; collapsed=&#8221;on&#8221; global_colors_info=&#8221;{%22gcid-f6a3689d-a668-4350-af50-132b2d07b02b%22:%91%22background_color%22%93}&#8221;][et_pb_row column_structure=&#8221;1_2,1_2&#8243; _builder_version=&#8221;4.19.2&#8243; _module_preset=&#8221;default&#8221; global_colors_info=&#8221;{}&#8221;][et_pb_column type=&#8221;1_2&#8243; _builder_version=&#8221;4.19.2&#8243; _module_preset=&#8221;default&#8221; background_color=&#8221;#FFFFFF&#8221; custom_padding=&#8221;60px|60px|60px|60px|true|true&#8221; custom_padding_tablet=&#8221;30px|30px|30px|30px|true|true&#8221; custom_padding_phone=&#8221;20px|20px|20px|20px|true|true&#8221; custom_padding_last_edited=&#8221;on|tablet&#8221; global_colors_info=&#8221;{}&#8221;][et_pb_blurb title=&#8221;Telefono e WhatsApp&#8221; image=&#8221;https://esteticamentemonica.it/wp-content/uploads/2023/10/Minimal-Generic-Portfolio-icon-15.png&#8221; _builder_version=&#8221;4.21.0&#8243; _module_preset=&#8221;853be52a-7d67-40e8-914c-a05406f8cb22&#8243; body_link_text_color=&#8221;#666666&#8243; custom_margin=&#8221;||40px||false|false&#8221; hover_enabled=&#8221;0&#8243; locked=&#8221;off&#8221; global_colors_info=&#8221;{}&#8221; sticky_enabled=&#8221;0&#8243;]</p>
<p><a data-dtype="d3ph" data-local-attribute="d3ph" jscontroller="LWZElb" href="https://www.google.com/search?q=esteticamente+monica&amp;oq=estet&amp;gs_lcrp=EgZjaHJvbWUqCwgAEEUYJxg7GIoFMgsIABBFGCcYOxiKBTIGCAEQRRg5MgoIAhAuGLEDGIAEMgYIAxBFGD0yBggEEEUYPDIGCAUQRRg8MgYIBhBFGDwyBggHEEUYPNIBCDEyOTRqMGo3qAIAsAIA&amp;sourceid=chrome&amp;ie=UTF-8#" jsdata="QKGTRc;_;Cm1UHU" jsaction="rcuQ6b:npT2md;F75qrd" data-ved="2ahUKEwjYtunnuoaCAxWEgP0HHRINDeQQkAgoAHoECEgQAw"><span aria-label="Chiama il numero di telefono 339 883 0015">339 883 0015</span></a></p>
<p>[/et_pb_blurb][et_pb_blurb title=&#8221;Dove trovarci&#8221; image=&#8221;https://esteticamentemonica.it/wp-content/uploads/2023/10/Minimal-Generic-Portfolio-icon-17.png&#8221; _builder_version=&#8221;4.21.0&#8243; _module_preset=&#8221;853be52a-7d67-40e8-914c-a05406f8cb22&#8243; body_link_text_color=&#8221;#666666&#8243; custom_margin=&#8221;||40px||false|false&#8221; locked=&#8221;off&#8221; global_colors_info=&#8221;{}&#8221;]</p>
<p><span>Via Nilde Iotti, 7, 51019 &#8211; Ponte Buggianese (PT)</span></p>
<p>[/et_pb_blurb][et_pb_blurb title=&#8221;Orari&#8221; image=&#8221;https://esteticamentemonica.it/wp-content/uploads/2023/10/Minimal-Generic-Portfolio-icon-18.png&#8221; _builder_version=&#8221;4.21.0&#8243; _module_preset=&#8221;853be52a-7d67-40e8-914c-a05406f8cb22&#8243; body_link_text_color=&#8221;#666666&#8243; locked=&#8221;off&#8221; global_colors_info=&#8221;{}&#8221;]</p>
<p>Martedì &#8211; Venerdì: 9:00 &#8211; 19:30<br />Sabato: 9:00 &#8211; 13:00</p>
<p>[/et_pb_blurb][/et_pb_column][et_pb_column type=&#8221;1_2&#8243; _builder_version=&#8221;4.19.2&#8243; _module_preset=&#8221;default&#8221; background_color=&#8221;#FFFFFF&#8221; custom_padding=&#8221;60px|60px|60px|60px|true|true&#8221; custom_padding_tablet=&#8221;30px|30px|30px|30px|true|true&#8221; custom_padding_phone=&#8221;20px|20px|20px|20px|true|true&#8221; custom_padding_last_edited=&#8221;on|tablet&#8221; global_colors_info=&#8221;{}&#8221;][et_pb_map _builder_version=&#8221;4.21.0&#8243; _module_preset=&#8221;default&#8221; global_colors_info=&#8221;{}&#8221;][/et_pb_map][/et_pb_column][/et_pb_row][/et_pb_section]</p>

<p>La bellezza di prendersi cura di séEsteticamente Monica339 883 0015Via Nilde Iotti, 7, 51019 &#8211; Ponte Buggianese (PT)Martedì &#8211; Venerdì: 9:00 &#8211; 19:30Sabato: 9:00 &#8211; 13:00</p>
